24*p**2 - 29*p - 14. Let b be h(26). Let d = b - 440. What is the highest common divisor of d and 90?
18
Suppose 2*q = 28*p - 31*p + 10215, 2*p = 10. Calculate the greatest common factor of q and 612.
204
Suppose 0 = 2*c + 2 + 2. Let n(k) = -155*k + 1548. Let d be n(10). Let q be d*(15/c - (-7)/7). What is the greatest common divisor of q and 104?
13
Let g(n) = -10*n**2 + 5*n + 5. Let k(t) = -t**2 + 1. Let r(w) = g(w) - 15*k(w). Let f be r(-3). What is the greatest common divisor of 5 and f?
5
Let r(h) = h**3 + 23*h**2 + 68*h + 20. Let t be r(-14). What is the highest common divisor of t and 728?
104
Let r be (-3)/5 + (-348)/(-30) + -3. Suppose 2*a - r*q = -3*q + 360, 3*a - 2*q = 540. Suppose -3*d - d = -a. What is the greatest common divisor of d and 9?
9
Let d(x) = -42*x + 266. Let i be d(-4). Let m = 461 - i. Calculate the highest common factor of m and 837.
27
Let c = -26 - 6. Let z = c + 34. Suppose 4*s - 394 = z*x, -2*s - 2*x = -6*x - 188. Calculate the highest common factor of s and 20.
20
Let j be (1260/54)/(5/15). Calculate the highest common factor of j and 1015.
35
Let d be (68/(-10))/((-8)/(-10) - 1). Let p = 82 - d. Suppose -66 + 6 = -5*s. Calculate the highest common factor of s and p.
12
Suppose 13976 = -34*l + 130392. Calculate the greatest common divisor of l and 288.
32
Let z = -5032 + 5057. Let j = 1409 - 484. Calculate the greatest common factor of z and j.
25
Let s = -34158 - -34308. What is the greatest common divisor of s and 830?
10
Suppose -8*h + 7*h = -4*b - 135, 5*h - 3*b - 709 = 0. Let a = -139 + h. Calculate the greatest common divisor of a and 8.
4
Let n be 5*(-3 + (-684)/(-20)). Let g = -100 + 295. What is the highest common factor of g and n?
39
Let w(x) = -10*x + 4*x + 2*x + 12 + 10*x**2 + 10*x**2. Let h be w(2). Calculate the greatest common factor of h and 126.
42
Let w be 9/((-36)/(-16)) - -4 - -1. Suppose -w*c + 363 = -123. Calculate the greatest common divisor of 189 and c.
27
Let f = 5346 - 4914. Calculate the highest common factor of f and 1026.
54
Suppose 2 = 5*d - 6*d, -2*a - d + 8 = 0. Let y be a/(-3) + (-1652)/(-12). What is the highest common factor of 204 and y?
68
Suppose -5*n = -103 + 3. Suppose 5*v - 20 = 4*m, 3*m - 7*m = -2*v + n. Suppose -9*o + 947 - 380 = v. Calculate the greatest common divisor of 14 and o.
7
Let v be (11 - 1)/(-7*(0 - 6/147)). What is the highest common divisor of 4235 and v?
35
Suppose 24*w - 176005 - 35963 = 0. Calculate the highest common divisor of w and 138.
138
Suppose 32 = 2*n - 8. Suppose 8*f + 2*j = 6*f + 4, -4*f = 2*j - 18. Suppose -11*c + 364 = 4*d - f*c, -3 = -3*c. What is the highest common divisor of d and n?
10
Suppose -7*j + 12702 = 22*j. Let x = j - 373. Calculate the greatest common divisor of 260 and x.
65
Suppose -14960 = -678*i + 610*i. What is the highest common factor of 1364 and i?
44
Let s(a) = -a**2 + 836*a + 2519. Let v be s(-3). Let g be -1 - 1/((-1)/2). Calculate the highest common factor of v and g.
1
Let z be 1*3*(-584)/(-219). Suppose -m + 0*q = -3*q - z, -34 = -3*m + 4*q. Let j be ((-2)/(-6))/(3/63). What is the greatest common factor of j and m?
7
Let v = -237 - -492. What is the highest common factor of 120 and v?
15
Let k be 189/(-126)*(332/(-6) - 10/5). What is the greatest common divisor of 602 and k?
86
Let o = -190 - -198. Let g = 60 - o. What is the highest common factor of g and 13?
13
Suppose 774 = -5*u + 4*v + 221, 0 = 2*u + 3*v + 212. Let q = u + 125. Calculate the highest common divisor of 128 and q.
16
Suppose p + 9*p = 63*p - 245443. Calculate the greatest common factor of p and 22.
11
Suppose 4*c - 4*g + 72 = -40, g - 128 = 5*c. Let x be ((-110)/c)/(-4*4/(-1160)). Calculate the greatest common divisor of 29 and x.
29
Let a = 14948 - 14673. What is the highest common factor of a and 725?
25
Let m be 5428/14 - 2/5*(-1045)/1463. What is the highest common divisor of 5 and m?
1
Let q be (0 - -1)*155/(-31). Let n be (q/(-2))/((-15)/(-24)). Calculate the highest common divisor of n and 108.
4
Suppose -84*n + 164720 = -3*n - n. Calculate the greatest common factor of 355 and n.
71
Let m = -230 - -394. Let p = m + -101. Calculate the greatest common divisor of 42 and p.
21
Suppose 17*r = 16*r + 5. Suppose r*a - 56 = 3*a. Suppose -560 = -292*k + 288*k. Calculate the greatest common divisor of k and a.
28
Suppose -828*l + 748*l + 674560 = 0. Calculate the greatest common divisor of l and 16.
16
Let f(w) = -w**3 - w**2 - 3*w - 7. Let t be f(-10). Let p = 1167 + -1154. Calculate the highest common divisor of p and t.
13
Let u = -4835 + 4911. What is the highest common factor of 2812 and u?
76
Let g be ((-16)/(-3) + 2)/(9/(-1296)*-16). What is the greatest common factor of g and 5?
1
Suppose -49*f + 45*f + 644 = 0. Suppose 4*w = 3*y - 0*y - 166, -5*w - f = -3*y. Calculate the highest common divisor of 434 and y.
62
Let o = -22958 - -25823. What is the greatest common factor of o and 60?
15
Let a be (-840)/10 - 6*-1. Let c be (a/104)/(1 + 21/(-20)). Calculate the highest common divisor of c and 195.
15
Let b = 67 - 27. Suppose -213*y - 810 = -240*y. Calculate the highest common divisor of y and b.
10
Suppose 23*g = -10313 + 59970. What is the highest common divisor of 34 and g?
17
Suppose 0 = 2*n, -5*r = 3*n - 32 + 97. Let k be r + (-3050)/(-80) - 2/16. What is the highest common divisor of 25 and k?
25
Suppose 5*v - 368 = 92. Suppose -4*w + 5*i - v = 0, 0*i = -4*i. Let b = w + 31. Calculate the greatest common divisor of 1 and b.
1
Let r be 277 - 7/((-4)/20*5). Calculate the greatest common factor of 2201 and r.
71
Suppose p - 239 = 5*y, 13 - 5 = 2*y. Calculate the highest common factor of 999 and p.
37
Let g = 354 - 207. Let z = g + -108. What is the highest common divisor of 52 and z?
13
Let q be ((12 + 348)/18)/((-10)/(-28)). Calculate the greatest common factor of q and 248.
8
Suppose -13*a + 22*a - 18 = 0. Suppose -3*v = -a*p + 693, 10*v - 3 = 9*v. Calculate the greatest common factor of 13 and p.
13
Let v(x) = 2*x**2 + 157*x + 245. Let r be v(-115). What is the highest common divisor of r and 135?
135
Let p = 270 + -276. Let m be (-984)/(-40) + p/(-15). What is the greatest common divisor of m and 775?
25
Let r(p) = p**2 - 12*p + 88. Let v(l) = -2*l**3 + 13*l**2 - 8*l + 12. Let u be v(6). Let m be r(u). What is the greatest common factor of 16 and m?
8
Suppose 4*y + 7400 = 36*q - 33*q, -4*y + 2440 = q. What is the greatest common factor of q and 82?
82
Suppose 23*a + 277 = 438. What is the highest common factor of 2653 and a?
7
Suppose 0 = 3*x + 16 - 163. Suppose 8*d = 18 + 54. Let l(n) = n**2 - 12*n + 34. Let i be l(d). Calculate the highest common factor of x and i.
7
Let w be -2 + (3/(-2) + -1)*(-108496)/20. Calculate the greatest common factor of 30 and w.
30
Suppose -4*x = -4*i + 16, -2*i + 4*x = -7*i + 38. Calculate the greatest common factor of 6 and i.
6
Let a = 36669 - 31292. What is the greatest common factor of a and 19?
19
Let v(r) = -2*r**2 - 70*r - 256. Let d(z) = 3*z**2 + 105*z + 384. Let x(j) = -5*d(j) - 7*v(j). Let f be x(-30). What is the greatest common factor of 286 and f?
22
Let g = 8 + 3. Let m(y) = -1485*y**3 - 3*y**2 - 5*y - 2. Let z be m(-1). Let k be z/(-15)*2/(-4)*2. Calculate the highest common divisor of g and k.
11
Suppose 18*s + 2*k + 20 = 21*s, -2*s = -4*k - 24. Let v(r) = 7*r**2 - 11*r - 8. Let m be v(s). Calculate the greatest common factor of 6 and m.
6
Let q be (-15 - -2) + (8 - 3 - 2). Let j(o) = o**3 + 9*o**2 - 14*o + 2. Let k be j(q). What is the greatest common factor of 42 and k?
42
Let o be (-437248)/(-61)*(1 + 115/35). What is the greatest common factor of 120 and o?
120
Let g(j) = j**2 - 160*j + 572. Let r be g(0). What is the highest common divisor of 52 and r?
52
Let x be (294/54 + -5)*(-4 + (-119)/(-14)). Let d be (24/(-10))/(1/(-5)). Suppose -4*u + 12 + d = 0. Calculate the greatest common factor of u and x.
2
Let m = 2270 + 2095. Calculate the highest common factor of 45 and m.
45
Let x(o) = -7*o**3 - 55*o**2 - 3*o - 11. Let u be ((-2)/3)/((-8)/(-96)). Let s be x(u). Calculate the greatest common divisor of 7 and s.
7
Suppose 6 = -b - 2. Let n = 21 + b. Let v = -6556 - -6582. What is the greatest common divisor of v and n?
13
Let x = 17927 - 17217. What is the highest common divi